{"id":126,"date":"2020-10-15T10:58:35","date_gmt":"2020-10-15T10:58:35","guid":{"rendered":"https:\/\/www.alboret.com\/?post_type=product&#038;p=126"},"modified":"2025-10-17T08:02:43","modified_gmt":"2025-10-17T08:02:43","slug":"garrafa-3-litres","status":"publish","type":"product","link":"https:\/\/www.alboret.com\/index.php\/producte\/garrafa-3-litres\/","title":{"rendered":"Garrafa 3 litres"},"content":{"rendered":"","protected":false},"excerpt":{"rendered":"<h5><strong><em>Collita 2019<\/em><\/strong><\/h5>\n<h4><strong>Garrafa de tres litres d&#8217;oli.<\/strong><\/h4>\n<p><strong>ALBORET &#8211; ALFAFARENCA<\/strong> <strong>| Oli d&#8217;Oliva &#8211; Verge<\/strong><\/p>\n<p>Elaborat amb olives de la varietat &#8221; Alfafarenca&#8221; provinents d&#8217;oliveres d&#8217;Alfafara (Alacant) i Bocairent ( Val\u00e8ncia).<\/p>\n<p>Oli d\u2019oliva obtingut directament d\u2019olives i nom\u00e9s mitjan\u00e7ant procediments mec\u00e0nics.<\/p>\n<p><strong>ORIGEN:<\/strong> ESPANYA<\/p>\n<p><strong>INFORMACI\u00d3 NUTRICIONAL<\/strong><\/p>\n<blockquote><p>Valors Mitjans per 100 g\u00a0 Valor energ\u00e8tic per 100ml: 3.634 KJ (88s Kcal) <strong>Grasses 100g de les quals:<\/strong><\/p>\n<ul>\n<li>Saturades 18,5 g<\/li>\n<li>Monoinsaturades 68,7 g<\/li>\n<li>Poliinsaturades 12,8 g.<\/li>\n<\/ul>\n<p><strong>Hidrats de Carboni 0g dels quals:\u00a0<\/strong><\/p>\n<ul>\n<li>Sucres 0 g.<\/li>\n<\/ul>\n<p><strong>Prote\u00efnes 0 g.<\/strong> <strong>Sal 0 g.<\/strong> <strong>Vitamina E&#8230;. 20,94 mg (250% VRN}<\/strong>*Valor de Refer\u00e8ncia de Nutrients<\/p>\n<p>Preservar de la calor i la llum per la seua correcta conservaci\u00f3<\/p><\/blockquote>\n<p>Envasat per RGSEAA 1603431\/V per a 79150399Q | Carrer Moss\u00e9n Hilari, 34 &#8211; 46880 Bocairent ( Val\u00e8ncia )<\/p>\n","protected":false},"featured_media":220,"comment_status":"open","ping_status":"closed","template":"","meta":[],"product_brand":[],"product_cat":[19],"product_tag":[23,21,24,25,22,20],"class_list":{"0":"post-126","1":"product","2":"type-product","3":"status-publish","4":"has-post-thumbnail","6":"product_cat-productes","7":"product_tag-3-litres","8":"product_tag-aceite","9":"product_tag-garrafa","10":"product_tag-garrafeta","11":"product_tag-mariola","12":"product_tag-oli","14":"first","15":"outofstock","16":"shipping-taxable","17":"product-type-simple"},"jetpack_sharing_enabled":true,"_links":{"self":[{"href":"https:\/\/www.alboret.com\/index.php\/wp-json\/wp\/v2\/product\/126","targetHints":{"allow":["GET"]}}],"collection":[{"href":"https:\/\/www.alboret.com\/index.php\/wp-json\/wp\/v2\/product"}],"about":[{"href":"https:\/\/www.alboret.com\/index.php\/wp-json\/wp\/v2\/types\/product"}],"replies":[{"embeddable":true,"href":"https:\/\/www.alboret.com\/index.php\/wp-json\/wp\/v2\/comments?post=126"}],"wp:featuredmedia":[{"embeddable":true,"href":"https:\/\/www.alboret.com\/index.php\/wp-json\/wp\/v2\/media\/220"}],"wp:attachment":[{"href":"https:\/\/www.alboret.com\/index.php\/wp-json\/wp\/v2\/media?parent=126"}],"wp:term":[{"taxonomy":"product_brand","embeddable":true,"href":"https:\/\/www.alboret.com\/index.php\/wp-json\/wp\/v2\/product_brand?post=126"},{"taxonomy":"product_cat","embeddable":true,"href":"https:\/\/www.alboret.com\/index.php\/wp-json\/wp\/v2\/product_cat?post=126"},{"taxonomy":"product_tag","embeddable":true,"href":"https:\/\/www.alboret.com\/index.php\/wp-json\/wp\/v2\/product_tag?post=126"}],"curies":[{"name":"wp","href":"https:\/\/api.w.org\/{rel}","templated":true}]}}